to base 12
-13
-32 (base 8) to base 3
-222
What is -19 (base 14) in base 6?
-35
What is 20 (base 13) in base 3?
222
What is -4 (base 7) in base 11?
-4
Convert 0 (base 12) to base 5.
0
Convert 115 (base 6) to base 2.
101111
Convert 19 (base 12) to base 3.
210
What is -18 (base 14) in base 16?
-16
Convert -2 (base 3) to base 12.
-2
1200 (base 3) to base 5
140
101 (base 3) to base 2
1010
What is -20 (base 5) in base 9?
-11
3 (base 14) to base 13
3
Convert b (base 13) to base 16.
b
8 (base 16) to base 14
8
10011 (base 2) to base 5
34
Convert -2 (base 15) to base 10.
-2
What is 10 (base 7) in base 14?
7
What is -14 (base 8) in base 6?
-20
Convert 10 (base 15) to base 13.
12
Convert -1 (base 3) to base 10.
-1
Convert -1 (base 15) to base 2.
-1
What is -100 (base 2) in base 7?
-4
19 (base 16) to base 13
1c
9 (base 15) to base 12
9
Convert -1 (base 11) to base 15.
-1
What is -2 (base 9) in base 7?
-2
6 (base 14) to base 4
12
-54 (base 11) to base 5
-214
10 (base 4) to base 15
4
What is 119 (base 11) in base 15?
96
10111010 (base 2) to base 6
510
Convert 33 (base 14) to base 3.
1200
Convert 11 (base 9) to base 6.
14
What is -5 (base 14) in base 13?
-5
Convert 29 (base 16) to base 2.
101001
What is 120 (base 6) in base 16?
30
Convert 57 (base 8) to base 5.
142
What is 101 (base 3) in base 9?
11
What is 0 (base 14) in base 2?
0
Convert 201 (base 3) to base 6.
31
What is 2 (base 3) in base 12?
2
What is -100 (base 2) in base 15?
-4
What is -1000 (base 2) in base 12?
-8
-1 (base 9) to base 11
-1
Convert -47 (base 16) to base 3.
-2122
What is 5 (base 9) in base 5?
10
Convert 57 (base 10) to base 3.
2010
1 (base 10) to base 5
1
Convert -7 (base 8) to base 11.
-7
What is 1 (base 5) in base 2?
1
Convert 0 (base 14) to base 2.
0
-6 (base 14) to base 7
-6
What is -1110 (base 2) in base 3?
-112
Convert a9 (base 12) to base 16.
81
Convert -a (base 11) to base 2.
-1010
Convert -19 (base 16) to base 12.
-21
What is -124 (base 8) in base 12?
-70
-12 (base 13) to base 9
-16
Convert -5 (base 9) to base 2.
-101
-2014 (base 5) to base 3
-100121
Convert 132 (base 4) to base 12.
26
What is -3 (base 14) in base 16?
-3
What is -44 (base 6) in base 5?
-103
-62 (base 13) to base 6
-212
Convert 14 (base 13) to base 6.
25
What is 4 (base 15) in base 12?
4
Convert 56 (base 9) to base 6.
123
48 (base 15) to base 4
1010
What is 11c (base 14) in base 6?
1010
Convert -1310 (base 4) to base 16.
-74
Convert -1110 (base 3) to base 13.
-30
What is -50 (base 12) in base 15?
-40
Convert 7 (base 16) to base 11.
7
112 (base 4) to base 12
1a
Convert -ac (base 15) to base 13.
-c6
Convert 83 (base 11) to base 8.
133
-220 (base 4) to base 9
-44
13 (base 6) to base 12
9
What is -14 (base 13) in base 14?
-13
Convert 16 (base 7) to base 6.
21
What is 91 (base 12) in base 10?
109
What is -20 (base 13) in base 9?
-28
What is -2 (base 8) in base 3?
-2
Convert 163 (base 13) to base 5.
2000
Convert -113 (base 4) to base 11.
-21
Convert -2a (base 15) to base 13.
-31
Convert -7 (base 11) to base 2.
-111
What is -27 (base 9) in base 3?
-221
-25 (base 10) to base 3
-221
Convert -17 (base 15) to base 3.
-211
Convert -22 (base 11) to base 13.
-1b
What is -1 (base 9) in base 5?
-1
-10 (base 7) to base 14
-7
What is -5 (base 10) in base 8?
-5
Convert -1110010 (base 2) to base 8.
-162
7 (base 16) to base 11
7
Convert -184 (base 12) to base 11.
-202
What is 0 (base 4) in base 6?
0
What is 1014 (base 5) in base 12?
b2
9 (base 13) to base 7
12
What is 4 (base 14) in base 8?
4
What is 4 (base 11) in base 5?
4
What is -2110 (base 3) in base 5?
-231
Convert -10 (base 7) to base 9.
-7
101 (base 2) to base 3
12
What is 3 (base 6) in base 5?
3
Convert -100 (base 2) to base 3.
-11
30 (base 9) to base 2
11011
What is 0 (base 2) in base 9?
0
Convert 46 (base 12) to base 14.
3c
What is -50 (base 13) in base 8?
-101
What is -111 (base 2) in base 10?
-7
What is 3 (base 16) in base 6?
3
Convert 4 (base 8) to base 7.
4
-2 (base 10) to base 16
-2
Convert -10100 (base 3) to base 14.
-66
What is 220 (base 5) in base 9?
66
-11 (base 2) to base 14
-3
What is 12 (base 12) in base 13?
11
1010100 (base 2) to base 12
70
-5 (base 12) to base 5
-10
Convert -2 (base 6) to base 5.
-2
-25 (base 13) to base 3
-1011
What is 304 (base 5) in base 3?
2221
7 (base 9) to base 10
7
What is 1001 (base 6) in base 4?
3121
What is -100110 (base 2) in base 15?
-28
Convert -13 (base 8) to base 14.
-b
Convert -21 (base 12) to base 10.
-25
What is 120 (base 3) in base 16?
f
Convert -11c (base 15) to base 4.
-3330
What is 1 (base 7) in base 12?
1
-14 (base 15) to base 9
-21
-2 (base 6) to base 7
-2
7 (base 8) to base 5
12
Convert -2 (base 3) to base 11.
-2
5 (base 14) to base 2
101
Convert -12 (base 15) to base 14.
-13
1 (base 8) to base 4
1
Convert -541 (base 6) to base 2.
-11001101
1a (base 13) to base 10
23
0 (base 12) to base 14
0
Convert -2 (base 16) to base 7.
-2
-6 (base 12) to base 10
-6
What is 2 (base 6) in base 12?
2
-8 (base 11) to base 9
-8
What is -234 (base 7) in base 12?
-a3
What is -22 (base 12) in base 6?
-42
-60 (base 12) to base 9
-80
Convert 0 (base 7) to base 12.
0
Convert 0 (base 4) to base 2.
0
Convert -12 (base 6) to base 16.
-8
Convert 1 (base 13) to base 3.
1
2 (base 9) to base 16
2
-b (base 15) to base 2
-1011
-72 (base 15) to base 12
-8b
What is 132 (base 7) in base 3?
2200
3 (base 4) to base 7
3
122 (base 4) to base 13
20
Convert a (base 15) to base 6.
14
Convert -76 (base 10) to base 14.
-56
13 (base 4) to base 9
7
10 (base 7) to base 13
7
Convert -22 (base 9) to base 11.
-19
What is 1110110 (base 2) in base 4?
1312
What is -b (base 14) in base 7?
-14
What is 2 (base 12) in base 9?
2
Convert -5 (base 10) to base 9.
-5
Convert 2 (base 8) to base 16.
2
Convert -4 (base 8) to base 13.
-4
Convert -1222 (base 3) to base 12.
-45
11 (base 8) to base 15
9
Convert 45 (base 7) to base 13.
27
Convert 16 (base 10) to base 2.
10000
What is 15 (base 13) in base 12?
16
440 (base 7) to base 6
1012
Convert -4 (base 8) to base 4.
-10
Convert -264 (base 7) to base 11.
-121
-136 (base 10) to base 14
-9a
What is 1c (base 14) in base 12?
22
Convert -200 (base 6) to base 14.
-52
-9 (base 15) to base 5
-14
-9 (base 10) to base 12
-9
-20 (base 10) to base 16
-14
Convert 101001110 (base 2) to base 10.
334
-68 (base 9) to base 7
-116
What is -61 (base 8) in base 2?
-110001
Convert -1 (base 4) to base 8.
-1
0 (base 8) to base 7
0
What is 3 (base 7) in base 2?
11
What is -12 (base 4) in base 12?
-6
Convert 1 (base 11) to base 5.
1
-222 (base 4) to base 14
-30
What is -20010 (base 3) in base 16?
-a5
Convert -1 (base 6) to base 15.
-1
Convert -61 (base 12) to base 5.
-243
35 (base 10) to base 13
29
1100 (base 2) to base 15
c
Convert -1 (base 5) to base 4.
-1
10 (base 6) to base 11
6
What is 101 (base 9) in base 15?
57
101 (base 4) to base 3
122
-5c (base 15) to base 11
-7a
Convert 4b (base 15) to base 16.
47
What is -1 (base 7) in base 12?
-1
Convert -3 (base 14) to base 11.
-3
What is -3 (base 5) in base 15?
-3
Convert -2 (base 10) to base 2.
-10
-1 (base 2) to base 8
-1
-556 (base 7) to base 13
-190
-2101 (base 3) to base 16
-40
Convert 145 (base 8) to base 7.
203
Convert -66 (base 15) to base 16.
-60
Convert 12 (base 14) to base 6.
24
What is 6 (base 10) in base 3?
20
Convert -12 (base 5) to base 9.
-7
Convert 13 (base 5) to base 11.
8
Convert -223 (base 10) to base 3.
-22021
Convert 80 (base 16) to base 8.
200
Convert -1411 (base 5) to base 7.
-450
-75 (base 15) to base 13
-86
What is -3 (base 8) in base 9?
-3
-123 (base 4) to base 16
-1b
-1413 (base 5) to base 11
-1a2
Convert 0 (base 4) to base 3.
0
What is -142 (base 6) in base 2?
-111110
Convert 9 (base 15) to base 4.
21
44 (base 5) to base 16
18
What is 9 (base 12) in base 10?
9
What is -3 (base 13) in base 15?
-3
Convert -33 (base 10) to base 4.
-201
37 (base 9) to base 7
46
Convert -4 (base 10) to base 11.
-4
Convert a (base 15) to base 14.
a
What is -10110110 (base 2) in base 8?
-266
Convert -1111 (base 2) to base 16.
-f
-23 (base 4) to base 5
-21
What is -3 (base 11) in base 3?
-10
Convert -310 (base 5) to base 8.
-120
Convert -146 (base 7) to base 15.
-58
2 (base 10) to base 11
2
d (base 14) to base 7
16
2 (base 5) to base 3
2
Convert -454 (base 6) to base 2.
-10110010
Convert 3 (base 15) to